2 - 4*h + 1. What is the remainder when i(d) is divided by 12?
9
Let x(z) = -19*z - 625. What is the remainder when x(-58) is divided by 224?
29
Suppose -2*d + 4*w + 426 = 0, 0 = -0*d + 3*d - 3*w - 642. Suppose 0 = 17*g - d - 40. What is the remainder when (15/(-12))/((-2)/40) is divided by g?
10
Let x(g) = -238*g + 2381. Calculate the remainder when x(9) is divided by 25.
14
Let o be 2/(-10) + 882/35. Suppose 25 = 4*u - 2*s - 17, 0 = 5*u + 3*s - o. Calculate the remainder when 173 is divided by u.
5
Let d = -41 + 102. Let a(q) = q**2 - 293*q - 1479. Calculate the remainder when d is divided by a(-5).
6
Suppose -3*b = 4*h - 120 - 135, 0 = -b - h + 84. What is the remainder when b is divided by 10/6*(-4080)/(-400)?
13
Suppose 20*z - 62 = 38. What is the remainder when 212 is divided by z?
2
Suppose -40*m + 72*m - 7314 = 29*m. Calculate the remainder when m is divided by 811.
5
Let u = 11627 + -11578. What is the remainder when 83 is divided by u?
34
Let k(o) = -618*o - 22246. Suppose -2*a + 4*l + 18 = 0, 2*a - 2*l + 4 = 26. What is the remainder when a is divided by k(-36)?
1
Let j(x) = -4*x**2 + 2*x + 19. Let k be j(5). Let z = 97 - k. What is the remainder when z is divided by 17?
15
Let l(y) = 2*y**2 - 8*y - 1. Let c be l(17). Calculate the remainder when (-6280)/(-280) + 6/(-14) is divided by 1/(-6) - c/(-54).
6
Suppose -6*s - 32 = -10*s. Suppose 5*j = -20, -5*t + 22 = 2*j - 5*j. Suppose -t*a = -6, -5*g + 0*g = -3*a - 101. What is the remainder when g is divided by s?
6
Suppose 0 = 10*q - 7*q + 243. Let z = -13 - q. Let n = -41 + z. What is the remainder when 241 is divided by n?
25
Let r be 1/(-4 - 348/(-88)). Let k = r + 25. Calculate the remainder when 10/2 + 9/k is divided by 4.
0
Calculate the remainder when 70 is divided by 1122/(-204)*((-24)/(-11))/(-3).
2
What is the remainder when 2572 is divided by (-16)/12 + ((-8536)/198)/(8/(-6))?
30
Let p(t) = -38*t + 0 + 19*t + 22*t + 1. Calculate the remainder when 38 is divided by p(3).
8
Suppose -88*g - 3334 = -8350. Suppose -3*k + 38 = -0*i + i, i - 4*k - 24 = 0. Calculate the remainder when g is divided by i.
25
Suppose 17*r + 496 = 48*r. Suppose 2 = 2*x - 4*y, r = -4*x + 3*y + 40. Calculate the remainder when 49 is divided by x.
4
Let p(c) = -12*c - 253. Let w be p(0). Let m = 404 + w. What is the remainder when m is divided by 39?
34
Let u be 20/6*624/130. Let h be (u/10)/(4/(-10)) + 7. Suppose 0 = h*p - 9 - 51. Calculate the remainder when p is divided by 12.
8
What is the remainder when 1158 is divided by 208/8 - 12 - 4?
8
Let o(r) = 49*r**2 - 6*r - 5. Suppose 6 + 3 = -9*g. What is the remainder when o(g) is divided by 4/12 + (-231)/(-9)?
24
Let j(y) = 218*y**2 + 5*y + 4. Let h = 133 + -134. What is the remainder when j(h) is divided by 44?
41
Suppose 84 = -20*y - 716. What is the remainder when 373 is divided by -4*(-5)/y*-50?
23
Suppose -8*z + 21*z - 4400 = -12*z. Calculate the remainder when 1933 is divided by z.
173
Suppose -70 = 5*v - 215. Let y = 1102 - 708. Let p = y + -282. Calculate the remainder when p is divided by v.
25
Let y = -10 + 23. What is the remainder when 1274/39 - 8/12 is divided by y?
6
Let a(q) = -6*q**2 + q + 1. Let p be a(1). Calculate the remainder when 26 is divided by (-2)/3*6*p.
10
Suppose -5*g = -g - 540. Suppose 5*w + 1895 = 1925. Calculate the remainder when g is divided by w.
3
Suppose 36*p + 145 - 1465 + 96 = 0. Calculate the remainder when p is divided by 18.
16
Suppose 18*v - 22*v + 16 = 0. Suppose -8*k = -4*k - t - 267, -v*k - t = -277. Let m = -15 - -39. What is the remainder when k is divided by m?
20
Let l be 1 - -15 - (1 - 1). Suppose 3*z = z + l. Suppose 4*n - 14 = 3*g, -z = -2*g - 2*g. What is the remainder when 7 is divided by n?
2
Let a(i) = 2*i**2 + 2352*i + 37311. Let d = 12 - 8. What is the remainder when a(-16) is divided by d?
3
Let a(i) = -i**3 + 4*i**2 + 271*i + 1086. Calculate the remainder when 3635 is divided by a(-4).
125
Let i(d) = -d + 3. Let j be i(-14). Suppose q + 5 = j. Suppose 0*p = -2*p + 46. Calculate the remainder when p is divided by q.
11
Let y = -323 + 333. Suppose 3*h = -2*h + 2*d + 70, h + 5*d = -13. Calculate the remainder when ((-28)/(-35))/((-4)/y) - -43 is divided by h.
5
Suppose -d + 2 + 17 = m, 0 = -4*d + 3*m + 104. Suppose 1139 = 5*h - j, 1396*j + 1141 = 5*h + 1397*j. Calculate the remainder when h is divided by d.
21
Let y be (-7 + 7)/(-3) - (-243 - 0). Calculate the remainder when y - 0 - (-1 + -4 + 0) is divided by 36.
32
Let f = -6108 + 7622. Calculate the remainder when f is divided by 46.
42
Suppose 3*i - 26 = 49. Calculate the remainder when 3*-31*(-25)/i is divided by 19.
17
Let v = -748 + 764. Calculate the remainder when 3422 is divided by v.
14
Suppose -2*d + 89*l + 1380 = 91*l, 1374 = 2*d - l. Let v = d + -273. What is the remainder when v is divided by 84?
79
Let c(o) = -6*o - 24 - 21*o + 0 - 22. Let i be c(-8). Suppose 148 = 3*q - t, i = 4*q + t - 18. Calculate the remainder when q is divided by 10.
8
Let v be (1 - 1) + 1 + 3. Suppose v*k = -k - 20. What is the remainder when 10 is divided by -2 + (0/k - -4)?
0
Suppose 1743*o - 1747*o = a - 33, 0 = 4*a + 2*o - 104. Calculate the remainder when 547 is divided by a.
22
Let o(b) = -10*b**2 + 19*b. Let h(c) = -21*c**2 + 36*c - 1. Let j(d) = 2*h(d) - 5*o(d). What is the remainder when 201 is divided by j(4)?
31
Let t = -85 - -119. Let r = -13 + t. Suppose 2*z = -5*o + 2 + 42, 0 = 3*z - 2*o - 28. Calculate the remainder when r is divided by z.
9
What is the remainder when -831*-4*15/36 is divided by 22?
21
Let b = -5205 + 5211. What is the remainder when 194 is divided by b?
2
Suppose -5*j + 78 + 121 = 2*s, 0 = -5*s + j + 430. Let p = -66 + 89. Calculate the remainder when s is divided by p.
18
Let x(w) = -w**3 + 9*w**2 - 11*w - 3. Let z(p) = 10*p**2 + 3*p + 8. Calculate the remainder when z(-4) is divided by x(7).
12
Let j(u) = -2*u**2 + 49*u + 52. Let l be j(26). What is the remainder when 152 is divided by (l/(-3))/(98/(-21) - -5)?
22
Let k(g) = 29*g - 1. Let h be k(-1). Let n = h - -31. Suppose -33 + n = -2*u. Calculate the remainder when 27 is divided by u.
11
Suppose 2207*n + 895 = 2*f + 2202*n, -3*n = 2*f - 903. Calculate the remainder when f is divided by 27.
18
Let c = 1599 + -1549. What is the remainder when 226 is divided by c?
26
Let l(b) = -b**2 + 12*b + 10. Let m be -2*(-3 + (-10)/(-4)) - -271. Let c = m + -253. What is the remainder when l(9) is divided by c?
18
Suppose 2*b = -4*x - 2, -4*x - b = 2 - 3. Let j(u) = 104*u**2 + u. Let t be j(x). What is the remainder when t + (1 - 4/4) is divided by 36?
33
Suppose -1479*u + 1495*u = 3328. What is the remainder when 7278 is divided by u?
206
Let m(y) = 5*y + 53. Let f be m(-6). Suppose 2*p = f + 147. Calculate the remainder when p is divided by 22.
19
Suppose -12*x + 14*x - 114 = 0. Suppose 2*m + 47 = x. What is the remainder when 41 is divided by m?
1
Suppose 0 = 4*f - 124. Let a = 568 - 353. Suppose 31*d - 27*d = 5*c + a, -25 = -5*c. Calculate the remainder when d is divided by f.
29
Suppose 0 = -k - 4*j + 22, 4*j = -119*k + 124*k - 158. Suppose v = -2*d + 11 + 13, 5*d = -2*v + 60. What is the remainder when k is divided by d?
6
Suppose -12*w + 1044 = 162*w. What is the remainder when (-6)/(-4)*32/2 is divided by w?
0
Let o = 1232 + -425. Suppose 0 = -23*q + o + 1378. Let v(s) = -s**3 + 14. What is the remainder when q is divided by v(0)?
11
Suppose -18596 = -37*c + 8673. What is the remainder when c is divided by 244?
5
Suppose -5*g + q = -2356, -5*q = 4*g + 127 - 1977. Calculate the remainder when g is divided by 21.
8
Let w(b) = 15*b**2 - b - 10. Let a be w(-5). Suppose -q = q - a. Suppose -c = -2*t - 4*c + 69, q = 5*t + 5*c. What is the remainder when t is divided by 15?
12
What is the remainder when ((-35)/(-21))/(3 - (-71514)/(-23841)) is divided by 48?
47
Let t(u) = -18*u + 28. Suppose f = -6 - 0. What is the remainder when t(f) is divided by 46?
44
Let a(s) = -3*s - 35. Let q be a(-11). Let x be (-15 + (q - 2))*-3. Suppose z - 5 = -0*z, -5*z = t - x. Calculate the remainder when 61 is divided by t.
29
Let p be 8/(-1)*(90/8 + -6). Let u = -4 - -7. What is the remainder when u is divided by (p/12 - -4)*4?
1
Suppose 3*k - 4*h = 5*k - 104, 156 = 3*k + 4*h. Suppose 0 = -k*l + 49